e highest common divisor of l and 360?
72
Let s = 277 - 277. Suppose s = -16*i - 90 + 378. What is the highest common factor of 12 and i?
6
Suppose -12*i + 21 = -51. Suppose 0 = 5*v + 95 + 45. Let q = v + 29. What is the greatest common divisor of q and i?
1
Suppose -5*b = -t - 2*b + 100, t + b - 84 = 0. Suppose 0*j + 96 = 4*j. What is the greatest common factor of j and t?
8
Suppose -2*r - 5*a - 7 + 78 = 0, -4*r = 3*a - 177. Let d = 272 + -269. What is the highest common factor of d and r?
3
Suppose 145*i = -91*i + 16048. What is the highest common factor of 9571 and i?
17
Let i be (-2)/7 - 1390/(-14). Let h be ((-2)/(-8) - 1235/(-4)) + 29919 + -29931. Calculate the highest common divisor of i and h.
99
Let z be (0 - -3)*(-210)/(-63). Suppose 0 = 4*o - 5*r - 32, -3*o - 7*r + 24 = -3*r. What is the greatest common divisor of z and o?
2
Let h(a) = 1954*a - 2090. Let k be h(3). Calculate the highest common divisor of 368 and k.
92
Suppose 91*i - 95*i + 9129 = l, -4*i - 27371 = -3*l. Calculate the greatest common factor of l and 146.
73
Let p be ((-155)/(-155))/(-1 + (-470)/(-468)). Let s be 102784/1144 + 2/13. What is the highest common factor of s and p?
18
Let c(h) = -h**2 + 143*h - 1241. Let l be c(123). What is the highest common divisor of l and 345?
23
Let z be (-5)/30*-12 - -124. Calculate the greatest common factor of 273 and z.
21
Let n be 36110/66 + (-528)/(-968) + 2/6. What is the highest common factor of n and 64?
4
Let z = -366 + 402. Suppose -5*f - 442 = -3*w, 0*w = 2*w - f - 290. Suppose -l = -w + z. Calculate the greatest common factor of 36 and l.
36
Suppose -t = -4*n - 11594, -22*t = -25*t - 3*n + 34827. What is the highest common factor of 14 and t?
14
Suppose -q + 80 = 2*y, 4*q + 67 = 2*y - 33. Let z be (-12)/4 - (0 - (-6)/3). Let f be -3 + ((-130)/z - 2). Calculate the highest common divisor of f and y.
21
Suppose 4*i - 5*s = 32, -3*i + 3*s = 4*s - 24. Let h(z) = -3*z - 6. Let p be h(-4). Suppose -7*k + p*k = -4. What is the highest common factor of k and i?
4
Let v be ((-4)/36*-12)/(2/(-12)). Let x be 50 + v - 6/2. Let k(z) = 7*z**3 - z**2 - 2*z + 5. Let u be k(4). What is the highest common divisor of x and u?
39
Let v = 9346 - 9175. What is the highest common factor of 1995 and v?
57
Let i be ((-9)/(-3) - 11)*(-42)/8. Suppose i = -2*u + 62. Calculate the highest common factor of u and 160.
10
Suppose -67*l = -64*l - 6. Suppose l*y - 79 = -5*c - 0*y, -5*y = c - 25. Suppose c = 3*m - 81. Calculate the highest common factor of m and 8.
8
Suppose 3*v - a - 50 = 0, 68 = 3*v + v - 2*a. Suppose -755*s + 745*s - 243 = -1763. What is the highest common factor of s and v?
8
Suppose 3*s - 822 = -714. Suppose 3*h = 2*u + s, 0*h + 12 = h + u. Calculate the highest common divisor of h and 324.
12
Let z = -749 + 777. Suppose 2*x + 3*y = -9 + 3, 2*x - 4*y - 8 = 0. Suppose x = 5*h - 8*h + 42. What is the greatest common factor of h and z?
14
Let z = -107 + 185. Let p be ((-522)/232)/((-22)/16 + 1). What is the greatest common factor of z and p?
6
Let f = -2535 - -2546. Calculate the highest common factor of 737 and f.
11
Suppose -5*f - 5*h = -50, h = -f - 3*h + 4. Suppose 0 = -b - 5, -2*c - 791 = -4*b + 795. Let r = 827 + c. Calculate the highest common divisor of f and r.
12
Suppose -24*z - 40 = -28*z. Suppose 8*j = 3*j - z. Let y be 164*(-1)/(-14) + j/(-7). Calculate the highest common factor of y and 3.
3
Let s be 6/(-8)*(-4)/1. Suppose -s*v + 11 = -7. Suppose -47 = -v*c + 1. What is the highest common divisor of 72 and c?
8
Suppose -3*r = w + 2*r - 755, -1522 = -2*w + 2*r. Let g = 1457 - 1460. Let p be 9/(36/w) - (g - -1). Calculate the greatest common factor of p and 48.
48
Suppose 3684 - 3069 = 41*g. Let z(w) = 57*w - 6. Let a be z(13). What is the greatest common divisor of a and g?
15
Let d be (3 + -1)/(12/(-9)*83/(-13446)). What is the highest common factor of d and 2808?
27
Let r be 2412/60 - (-3)/(-20)*8. What is the highest common factor of r and 9?
3
Let f = -1323 + 6160. What is the greatest common divisor of 21 and f?
7
Suppose -8*t - 3*z = 3*t - 20739, -2*z = -2*t + 3758. What is the greatest common divisor of t and 2669?
157
Suppose 2*i = -3*k + 5*k - 194, 0 = k - 2*i - 101. Let q = -7787 + 7911. Calculate the highest common divisor of k and q.
31
Suppose -57 = -94*i + 91*i. Suppose i = 5*a - 3*h - 174, -5*a + 197 = -2*h. Let c = 57 + -16. What is the greatest common divisor of a and c?
41
Suppose -32*h = -26*h - 30. Suppose -h*s + 3*k + 30 = 5*k, 0 = -k + 5. What is the highest common factor of 128 and s?
4
Let n = -17 + 19. Suppose -n*j + 274 = 4*h, 365 - 92 = 4*h + 3*j. Calculate the greatest common factor of 23 and h.
23
Let f = 3427 - 3416. What is the highest common factor of 49 and f?
1
Let z(a) = -7*a**3 - 6*a**2 - 4*a - 5. Let d be z(-5). Let u(b) = 3*b**2 - 72*b - 136. Let g be u(26). What is the greatest common factor of g and d?
20
Suppose 104*q - 5887 + 895 = 0. Calculate the greatest common factor of 72 and q.
24
Let u(n) = -15*n**3 - 2*n**2 - 2*n. Let z be u(-2). Let w = -786 - -323. Let y = 492 + w. Calculate the greatest common factor of y and z.
29
Let q = -1776 - -1938. Calculate the greatest common divisor of q and 42.
6
Let x = -24 + 56. Suppose -838 = -4*c - 5*t + 2*t, 0 = c + 2*t - 212. What is the highest common divisor of x and c?
16
Let f = -9607 - -9614. What is the greatest common divisor of f and 5341?
7
Suppose -75*v = -62*v + 15262. Let t = -34 - v. Calculate the highest common factor of 60 and t.
60
Let x(r) = 43*r**2 + 3*r + 15. Let t be x(-3). Let d = t + -308. What is the highest common divisor of 357 and d?
17
Let l = 124 - 129. Let t be 19 - (-6 + 6 + l/(-1)). What is the highest common divisor of t and 224?
14
Let m(h) = 6*h + 6. Let n be m(-5). Suppose 373*u - 29*u + 16618 = -15718. Let j = n - u. Calculate the highest common factor of j and 5.
5
Let i(d) = d**3 - 7*d**2 + 11*d + 11. Let u be i(6). Suppose m - u = -95. Let n be m/(-14) - 8/(-56). Calculate the greatest common divisor of 44 and n.
4
Suppose -7*w + 826 + 497 = 0. What is the greatest common divisor of w and 27?
27
Let j(z) = -72*z - 352. Let c be j(-6). Calculate the greatest common factor of c and 50.
10
Let f be 4/(-24) + (-362)/(-12). Let y = -32 + f. Let h be (y + 4)/(1/6). What is the highest common divisor of 30 and h?
6
Let x(z) = -z + 9. Suppose 0 = 3*i + a - 9 - 12, 4*i = -3*a + 23. Let d be x(i). What is the highest common factor of d and 9?
1
Let o be 4/54*3 - (7 - 7270/90). What is the highest common divisor of 7474 and o?
74
Let l = -5214 + 724. Let v = -2521 - l. Calculate the greatest common factor of 11 and v.
11
Let k = -8 + 8. Suppose 4*d = -16, -5*j = -2*d + d - 19. Suppose 2*h - 185 = w, -4*w = -j*h - k*w + 285. Calculate the greatest common divisor of 13 and h.
13
Let i be 0 + 9 - ((-9)/3 - -5). Let q(t) = 14 + 23 - 8*t + i*t - 11. Let p be q(10). Calculate the greatest common factor of p and 8.
8
Suppose -64*b + 6 = -67*b. Let g be 6/b - (-5 + (-52)/4). Let j = g - -19. What is the greatest common divisor of 102 and j?
34
Let a = 41 - 39. Suppose 50 = a*p - 3*j - j, 3*p = 3*j + 69. Let k = -2 + p. Calculate the highest common divisor of k and 38.
19
Suppose -6824 = 188*h - 234116. Calculate the highest common divisor of 312 and h.
39
Let o = 4300 - 4190. Let n(y) = -y**2 + 10*y - 4. Let g be n(6). What is the highest common factor of g and o?
10
Suppose 0 = -47*h + 1871 - 555. Calculate the highest common divisor of 6062 and h.
14
Let r be (-126280)/(-1080) + 2/27. Let x be (-29)/(-3 - 20/(-6)). Let k = -61 - x. What is the highest common divisor of k and r?
13
Let t be (-8)/(-3)*297/(-22). Suppose 3*u = 4*z - 394, -u - 53 = -4*z + 89. Let h = t - u. What is the highest common factor of 36 and h?
18
Let w be 1 + -3 - (0 - 8). Let p be 36/(-24)*(0 + (-4)/3). Suppose -3*i = 3*z - 6, -i - p*z - 2 = -4. Calculate the greatest common factor of i and w.
2
Suppose 138 = 3*a + 3*q, 50 = a + 4*q + q. Let l be a/1 - 3/3. Calculate the highest common factor of 22 and l.
22
Suppose -2*l + 578 = 5*t, 2*t + 78*l = 70*l + 368. Let m(y) = -3*y. Let n be m(-4). What is the highest common divisor of t and n?
12
Let u(h) = h**3 - 9*h**2 + 50*h - 112. Let x be u(8). What is the highest common factor of x and 280